highest common divisor of 7199166 and 26?
26
What is the greatest common divisor of 2595065529 and 3073?
3073
Calculate the highest common factor of 115181052 and 14.
14
Calculate the highest common divisor of 11 and 10496541.
11
What is the highest common divisor of 1953 and 9315593?
217
What is the highest common factor of 16573203 and 48339?
1179
Calculate the highest common factor of 70295196 and 43.
43
What is the highest common divisor of 393 and 807996?
3
Calculate the highest common divisor of 458423 and 142072.
301
What is the highest common divisor of 4696 and 1271014664?
4696
Calculate the highest common factor of 36962185 and 556.
139
Calculate the greatest common divisor of 103 and 2549147.
103
What is the highest common factor of 81 and 8673777?
27
Calculate the highest common divisor of 526480 and 62080.
80
Calculate the highest common factor of 128 and 34881824.
32
Calculate the greatest common divisor of 16017063 and 502.
251
What is the greatest common factor of 1168 and 563888?
16
What is the highest common factor of 7157416 and 2737?
161
What is the greatest common divisor of 17 and 74921771?
17
Calculate the greatest common factor of 3900 and 33276750.
1950
Calculate the greatest common factor of 2481108 and 357.
21
Calculate the highest common factor of 169165504 and 25721.
1513
What is the highest common factor of 61 and 447272374?
61
Calculate the highest common divisor of 34600101 and 182496.
5703
Calculate the highest common divisor of 4378417 and 12008.
1501
What is the greatest common divisor of 12723125 and 3625?
125
What is the highest common divisor of 483675 and 3975?
75
What is the greatest common factor of 168424 and 1284802?
1138
Calculate the greatest common divisor of 36547 and 117047.
161
What is the greatest common factor of 18796 and 777748?
508
What is the greatest common divisor of 885533 and 3791?
223
Calculate the highest common factor of 72 and 13619392.
8
Calculate the highest common factor of 1821720 and 7548.
204
Calculate the greatest common divisor of 948 and 262348.
4
Calculate the highest common divisor of 38176 and 1056998.
2386
Calculate the greatest common factor of 2212881 and 297.
33
What is the greatest common factor of 7938403 and 110297?
2981
Calculate the highest common divisor of 2465799 and 3876.
51
What is the greatest common factor of 2028 and 50862513?
39
Calculate the greatest common factor of 82 and 25822907.
41
What is the highest common factor of 1217611156 and 404?
404
What is the greatest common factor of 3320384 and 725?
29
Calculate the highest common factor of 372460 and 3982.
22
Calculate the greatest common divisor of 5680 and 14210366.
142
Calculate the greatest common divisor of 18 and 876235968.
18
What is the highest common divisor of 66 and 20551839?
33
Calculate the greatest common divisor of 710 and 7576126.
142
What is the greatest common divisor of 15499724 and 11980?
2396
Calculate the greatest common factor of 2268 and 40478130.
1134
Calculate the highest common divisor of 64902852 and 2268.
252
What is the greatest common factor of 474293 and 33433?
67
Calculate the greatest common divisor of 264 and 359794116.
132
Calculate the highest common divisor of 90324 and 462428.
772
What is the highest common factor of 989363 and 56150?
1123
What is the highest common factor of 1185022 and 313526?
5314
Calculate the highest common divisor of 9 and 61934076.
9
What is the greatest common divisor of 109496 and 42824?
8
What is the highest common divisor of 3060 and 32155075?
85
What is the highest common factor of 10 and 3482521450?
10
Calculate the greatest common divisor of 24358854 and 188214.
9906
Calculate the greatest common factor of 1673111 and 9163.
11
What is the highest common divisor of 4636 and 19912?
76
Calculate the highest common factor of 9507 and 64897951.
3169
What is the greatest common factor of 32852 and 2097180?
764
What is the greatest common factor of 9540 and 2230929?
477
What is the greatest common divisor of 2389333 and 595?
17
What is the greatest common factor of 1471627 and 6246?
347
Calculate the highest common factor of 6767846 and 406.
58
Calculate the greatest common divisor of 24000 and 765750.
750
What is the greatest common factor of 618 and 98674?
206
What is the highest common factor of 54220 and 1543420?
20
What is the highest common factor of 1970 and 8057970?
10
Calculate the greatest common factor of 5404986 and 18.
18
What is the greatest common divisor of 19 and 263107421?
19
Calculate the highest common divisor of 7709 and 4071600.
13
What is the highest common factor of 129452448 and 12?
12
What is the greatest common divisor of 630 and 4488498?
126
What is the greatest common factor of 312 and 31585632?
312
Calculate the greatest common factor of 2479 and 67895.
37
Calculate the greatest common divisor of 1890177 and 969.
57
Calculate the greatest common factor of 230975248 and 1064.
1064
Calculate the greatest common factor of 2955105 and 1041903.
6093
What is the greatest common factor of 439 and 136913?
1
What is the greatest common factor of 54232069 and 13641?
4547
What is the highest common factor of 221 and 82718753?
221
Calculate the greatest common factor of 5364 and 21143547.
1341
What is the highest common factor of 2625189 and 6027?
861
What is the highest common factor of 45475053 and 39?
39
What is the highest common factor of 1332 and 4358156?
148
What is the greatest common factor of 4161623 and 328?
41
Calculate the highest common divisor of 483429573 and 33.
33
What is the highest common factor of 324060 and 890?
10
Calculate the greatest common factor of 168 and 31294284.
84
What is the greatest common factor of 3348 and 46661820?
372
What is the greatest common factor of 2877177 and 447?
3
Calculate the greatest common divisor of 25 and 1392056.
1
What is the greatest common divisor of 60 and 2342913?
3
What is the greatest common divisor of 364 and 1839572?
28
What is the greatest common divisor of 2644 and 2597069?
661
Calculate the greatest common factor of 662775 and 12.
3
What is the greatest common divisor of 891 and 84672?
27
Calculate the greatest common divisor of 10 and 13901095.
5
What is the greatest common divisor of 4872 and 183154314?
1218
What is the greatest common divisor of 546 and 14909370?
42
What is the highest common divisor of 2639175 and 84?
21
What is the greatest common divisor of 3056 and 161152?
16
Calculate the highest common divisor of 134097262 and 7566.
2522
What is the highest common divisor of 232785 and 17241?
21
What is the greatest common factor of 1470942 and 8487?
207
Calculate the greatest common factor of 451099724 and 992.
124
Calculate the greatest common factor of 40422636 and 41760.
1044
Calculate the greatest common factor of 438 and 172914078.
438
Calculate the greatest common divisor of 8766352 and 266.
14
What is the greatest common factor of 680709852 and 17832?
8916
Calculate the highest common factor of 207470487 and 582.
291
What is the greatest common factor of 1984147 and 12749?
671
What is the greatest common factor of 4 and 10972090?
2
What is the highest common factor of 3041 and 30993872?
3041
What is the greatest common divisor of 72 and 387032?
8
Calculate the highest common divisor of 38180 and 22034.
46
What is the highest common factor of 6995023 and 123779?
3019
Calculate the highest common divisor of 676347 and 5408669.
2107
Calculate the greatest common factor of 265 and 306071873.
53
Calculate the highest common divisor of 458 and 528352.
2
What is the highest common divisor of 124060717 and 22?
11
What is the greatest common divisor of 420365 and 605?
55
What is the highest common divisor of 2509 and 2793?
1
Calculate the greatest common factor of 4118028 and 177.
3
What is the highest common divisor of 125060 and 1353460?
740
What is the highest common divisor of 157166368 and 13404?
4468
Calculate the greatest common factor of 82118 and 67621.
19
What is the greatest common factor of 469280 and 2059385?
2095
Calculate the greatest common divisor of 13911 and 84054899.
4637
Calculate the greatest common divisor of 1438466 and 736.
46
What is the greatest common factor of 3 and 3345393?
3
What is the greatest common divisor